{"id":13554,"date":"2016-12-19T13:34:20","date_gmt":"2016-12-19T13:34:20","guid":{"rendered":"https:\/\/tradetracker.com\/befr\/privacy-policy\/"},"modified":"2022-02-22T23:04:31","modified_gmt":"2022-02-22T23:04:31","slug":"privacy-policy","status":"publish","type":"page","link":"https:\/\/tradetracker.com\/befr\/privacy-policy\/","title":{"rendered":"Privacy Policy"},"content":{"rendered":"<div class=\"wpb-content-wrapper\"><p>[vc_row classes=&#8221;static-page-intro short privacy-page&#8221;][vc_column]<div class=\"row\"><div class=\"vc_col-sm-12\"><div class=\" static-page-intro-text \"><h1  style=\"color: #ffffff\" class=\"\">POLITIQUE DE CONFIDENTIALIT\u00c9<\/h1><\/div>\r\n        <\/div>\r\n    <\/div>[\/vc_column][\/vc_row][vc_row][vc_column]<div class=\"space\"><\/div>[vc_wp_text]Chez TradeTracker, votre confidentialit\u00e9 est importante. Afin de mieux prot\u00e9ger votre vie priv\u00e9e, nous expliquons nos pratiques en mati\u00e8re d\u2019informations et les choix que vous pouvez faire concernant la mani\u00e8re dont vos informations personnelles sont recueillies, utilis\u00e9es et divulgu\u00e9es. Pour faciliter le rep\u00e9rage de cette d\u00e9claration, nous l\u2019avons rendue disponible sur notre page d\u2019accueil et \u00e0 chaque point o\u00f9 des donn\u00e9es personnelles peuvent \u00eatre demand\u00e9es.<\/p>\n<p><strong>Les informations que nous recueillons<\/strong><\/p>\n<p>TradeTracker recueille de nombreux types d\u2019informations afin de fonctionner de mani\u00e8re efficace et vous fournir les meilleurs produits, services et exp\u00e9riences. Nous recueillons des informations lorsque vous vous enregistrez, connectez et utilisez notre site et nos services. Nous pouvons aussi, dans certains cas, acqu\u00e9rir des informations d\u2019autres soci\u00e9t\u00e9s. Nous recueillons ces informations de plusieurs mani\u00e8res, y compris \u00e0 partir de formulaires Web, de technologies telles que\u00a0<a href=\"\/befr\/privacy-policy\/how-we-use-cookies\/\">cookies<\/a>, de journalisations Web et de logiciels sur votre ordinateur ou autre dispositif. Ces informations ne sont collect\u00e9es qu&#8217;avec votre consentement, ou s&#8217;il existe une base l\u00e9gale justifiable pour le faire. Nous avons d\u00fb examiner attentivement les besoins de l&#8217;entreprise afin de pr\u00e9server votre droit \u00e0 la vie priv\u00e9e de la mani\u00e8re la plus stricte possible. Comme la collecte de donn\u00e9es est g\u00e9n\u00e9ralement effectu\u00e9e \u00e0 l&#8217;aide de cookies, vous pouvez trouver des informations plus d\u00e9taill\u00e9es \u00e0 ce sujet et sur les donn\u00e9es personnelles que nous traitons dans notre page de d\u00e9claration de cookies.<\/p>\n<p><strong>Comment nous utilisons vos informations personnelles<\/strong><\/p>\n<p>TradeTracker utilise les informations recueillies pour exploiter, am\u00e9liorer et personnaliser les produits et services que nous offrons. Nous pouvons aussi utiliser les informations pour communiquer avec vous pour, par exemple, vous informer sur votre compte et des actualisations de s\u00e9curit\u00e9. Nous pouvons aussi utiliser les informations pour aider \u00e0 rendre les publicit\u00e9s que vous voyez dans nos services par des publicit\u00e9s plus pertinentes.<\/p>\n<p><strong>Les raisons pour lesquelles nous partageons vos informations personnelles<\/strong><\/p>\n<p>Sauf tel que d\u00e9crit dans cette d\u00e9claration de confidentialit\u00e9, nous ne divulguerons pas vos informations personnelles \u00e0 un tiers sans votre consentement, sauf si nous sommes tenus de le faire par la loi. Vos donn\u00e9es peuvent \u00eatre partag\u00e9es avec des tiers que nous avons engag\u00e9s pour activer nos services, tels que des logiciels ou des fournisseurs informatiques. En outre, vos donn\u00e9es sont \u00e9galement \u00e9chang\u00e9es entre les diff\u00e9rentes parties impliqu\u00e9es dans la publicit\u00e9 en ligne et la mesure de l&#8217;efficacit\u00e9 des publicit\u00e9s. Ce sont les fournisseurs des publicit\u00e9s et les sites Web qui montrent les publicit\u00e9s. Ils nous fournissent vos donn\u00e9es personnelles, apr\u00e8s quoi nous partageons avec eux des informations sur le traitement de ces donn\u00e9es.<\/p>\n<p><strong>L\u2019acc\u00e8s \u00e0 vos informations personnelles<\/strong><\/p>\n<p>Certains services de TradeTracker vous donnent la possibilit\u00e9 de voir ou d\u2019\u00e9diter vos informations personnelles en ligne. Afin d\u2019aider \u00e0 pr\u00e9venir que d\u2019autres voient vos informations personnelles, vous devrez d\u2019abord vous connecter. La mani\u00e8re dont vous acc\u00e9dez \u00e0 vos informations personnelles d\u00e9pendra de quels sites ou services vous avez utilis\u00e9s.<\/p>\n<p><strong>Pr\u00e9f\u00e9rences de communication<\/strong><\/p>\n<p>Vous pouvez arr\u00eater la livraison de tout futur courriel promotionnel venant des sites et services de TradeTracker en suivant les instructions sp\u00e9cifiques dans le courriel que vous recevez. En fonction du service respectif, vous pouvez aussi choisir l\u2019option de faire proactivement des choix concernant la r\u00e9ception de courriels promotionnels, appels t\u00e9l\u00e9phoniques et courriers postaux pour des sites et services particuliers de TradeTracker.<\/p>\n<p><strong>Compte TradeTracker<\/strong><\/p>\n<p>Un compte TradeTracker vous permet de vous connecter aux produits, site Web et services de TradeTracker. Lorsque vous cr\u00e9ez un compte TradeTracker, nous vous demandons de fournir certaines informations. Lorsque vous vous connectez \u00e0 un site Web ou service en utilisant votre compte TradeTracker, nous recueillons certaines informations afin de v\u00e9rifier votre identit\u00e9 au nom du site Web ou du service, pour vous prot\u00e9ger d\u2019utilisations de compte malveillantes et prot\u00e9ger l\u2019efficacit\u00e9 et la s\u00e9curit\u00e9 de TradeTracker. Nous envoyons aussi certaines informations non-personnelles \u00e0 un site Web ou service auquel vous vous \u00eates connect\u00e9 avec votre compte TradeTracker.<\/p>\n<p><strong>Sauvegarder<\/strong><\/p>\n<p>Vos donn\u00e9es personnelles ne seront jamais stock\u00e9es plus longtemps que n\u00e9cessaire aux fins d\u00e9crites dans cette d\u00e9claration de confidentialit\u00e9 ou sur le site Web, sauf si nous sommes l\u00e9galement tenus de le faire.<\/p>\n<p><strong>S\u00e9curit\u00e9<\/strong><\/p>\n<p>Nous prenons la protection de vos donn\u00e9es tr\u00e8s au s\u00e9rieux et prenons toujours les mesures appropri\u00e9es pour \u00e9viter tout abus. Si vous avez des raisons de croire que vos donn\u00e9es ne sont pas correctement s\u00e9curis\u00e9es ou qu&#8217;il y a des signes d&#8217;abus, veuillez nous contacter imm\u00e9diatement.<\/p>\n<p><strong>Vos droits<\/strong><\/p>\n<p>Vous avez le droit de voir, corriger, supprimer, d\u00e9placer ou restreindre vos donn\u00e9es personnelles. Vous avez \u00e9galement le droit de retirer votre consentement au traitement ou de vous opposer au traitement de vos donn\u00e9es personnelles. Vous pouvez envoyer ces demandes aux coordonn\u00e9es ci-dessous. Nous r\u00e9pondrons \u00e0 votre demande d\u00e8s que possible. Assurez-vous d&#8217;indiquer clairement qui vous \u00eates, de sorte que nous puissions \u00eatre certains de ne pas modifier ou supprimer les donn\u00e9es de la mauvaise personne.<\/p>\n<p><strong>Autorit\u00e9 de donn\u00e9es personnelles<\/strong><\/p>\n<p>Nous souhaitons \u00e9galement signaler que, si vous le souhaitez, vous pouvez d\u00e9poser une plainte aupr\u00e8s de l&#8217;autorit\u00e9 de protection des donn\u00e9es.<\/p>\n<p><strong>Changements \u00e0 cette d\u00e9claration de confidentialit\u00e9<\/strong><\/p>\n<p>Cette d\u00e9claration de confidentialit\u00e9 peut changer. Il est conseill\u00e9 de consulter r\u00e9guli\u00e8rement cette d\u00e9claration pour \u00eatre au courant de ces changements.<\/p>\n<p>Pour une description plus d\u00e9taill\u00e9e, veuillez-vous r\u00e9f\u00e9rer \u00e0 notre politique de <a href=\"https:\/\/tradetracker.com\/privacy-policy\/\">confidentialit\u00e9 internationale<\/a>.[\/vc_wp_text][\/vc_column][\/vc_row][vc_row][vc_column]<div class=\"space\"><\/div>[\/vc_column][\/vc_row]<\/p>\n<\/div>","protected":false},"excerpt":{"rendered":"<p>[vc_row classes=&#8221;static-page-intro short privacy-page&#8221;][vc_column][\/vc_column][\/vc_row][vc_row][vc_column][vc_wp_text]Chez TradeTracker, votre confidentialit\u00e9 est importante. Afin de mieux prot\u00e9ger votre vie priv\u00e9e, nous expliquons nos pratiques en mati\u00e8re d\u2019informations et les choix que vous pouvez faire concernant la mani\u00e8re dont vos informations personnelles sont recueillies, utilis\u00e9es et divulgu\u00e9es. Pour faciliter le rep\u00e9rage de cette d\u00e9claration, nous l\u2019avons rendue disponible sur notre  [&#8230;]<\/p>\n","protected":false},"author":69,"featured_media":0,"parent":0,"menu_order":0,"comment_status":"closed","ping_status":"closed","template":"template-privacy-page.php","meta":{"inline_featured_image":false,"_monsterinsights_skip_tracking":false,"_monsterinsights_sitenote_active":false,"_monsterinsights_sitenote_note":"","_monsterinsights_sitenote_category":0,"footnotes":""},"class_list":["post-13554","page","type-page","status-publish","hentry"],"yoast_head":"<!-- This site is optimized with the Yoast SEO Premium plugin v27.0 (Yoast SEO v27.0) - https:\/\/yoast.com\/product\/yoast-seo-premium-wordpress\/ -->\n<title>Nos pratiques en mati\u00e8re d&#039;informations<\/title>\n<meta name=\"description\" content=\"[vc_row classes=&quot;static-page-intro short privacy-page&quot;][vc_column]POLITIQUE DE CONFIDENTIALIT\u00c9 [\/vc_column][\/vc_row][vc_row][vc_column][vc_wp_text]Chez TradeTracker, votre confidentialit\u00e9 est importante. Afin de mieux\" \/>\n<meta name=\"robots\" content=\"index, follow, max-snippet:-1, max-image-preview:large, max-video-preview:-1\" \/>\n<link rel=\"canonical\" href=\"https:\/\/tradetracker.com\/befr\/wp-json\/wp\/v2\/pages\/13554\/\" \/>\n<meta property=\"og:locale\" content=\"fr_FR\" \/>\n<meta property=\"og:type\" content=\"article\" \/>\n<meta property=\"og:title\" content=\"Privacy Policy TradeTracker.com\" \/>\n<meta property=\"og:description\" content=\"[vc_row classes=&#8221;static-page-intro short\" \/>\n<meta property=\"og:url\" content=\"https:\/\/tradetracker.com\/befr\/privacy-policy\/\" \/>\n<meta property=\"og:site_name\" content=\"TradeTracker.com | Affiliate Marketing | Performance Marketing\" \/>\n<meta property=\"article:publisher\" content=\"https:\/\/www.facebook.com\/tradetrackercom\" \/>\n<meta property=\"article:modified_time\" content=\"2022-02-22T23:04:31+00:00\" \/>\n<meta property=\"og:image\" content=\"https:\/\/tradetracker.com\/wp-content\/uploads\/2019\/12\/tradetracker-logo-square.png\" \/>\n\t<meta property=\"og:image:width\" content=\"250\" \/>\n\t<meta property=\"og:image:height\" content=\"250\" \/>\n\t<meta property=\"og:image:type\" content=\"image\/png\" \/>\n<meta name=\"twitter:card\" content=\"summary_large_image\" \/>\n<meta name=\"twitter:title\" content=\"Privacy Policy\" \/>\n<meta name=\"twitter:description\" content=\"[vc_row classes=&quot;static-page-intro short privacy-page&quot;][vc_column]POLITIQUE DE CONFIDENTIALIT\u00c9 \" \/>\n<meta name=\"twitter:image\" content=\"https:\/\/tradetracker.com\/assets\/tt-circles.png\" \/>\n<meta name=\"twitter:site\" content=\"@tradetrackercom\" \/>\n<meta name=\"twitter:label1\" content=\"Est. reading time\" \/>\n\t<meta name=\"twitter:data1\" content=\"5 minutes\" \/>\n<script type=\"application\/ld+json\" class=\"yoast-schema-graph\">{\"@context\":\"https:\/\/schema.org\",\"@graph\":[{\"@type\":\"WebPage\",\"@id\":\"https:\/\/tradetracker.com\/befr\/privacy-policy\/\",\"url\":\"https:\/\/tradetracker.com\/befr\/privacy-policy\/\",\"name\":\"Nos pratiques en mati\u00e8re d'informations\",\"isPartOf\":{\"@id\":\"https:\/\/tradetracker.com\/befr\/#website\"},\"datePublished\":\"2016-12-19T13:34:20+00:00\",\"dateModified\":\"2022-02-22T23:04:31+00:00\",\"breadcrumb\":{\"@id\":\"https:\/\/tradetracker.com\/befr\/privacy-policy\/#breadcrumb\"},\"inLanguage\":\"fr-BE\",\"potentialAction\":[{\"@type\":\"ReadAction\",\"target\":[\"https:\/\/tradetracker.com\/befr\/privacy-policy\/\"]}]},{\"@type\":\"BreadcrumbList\",\"@id\":\"https:\/\/tradetracker.com\/befr\/privacy-policy\/#breadcrumb\",\"itemListElement\":[{\"@type\":\"ListItem\",\"position\":1,\"name\":\"Home\",\"item\":\"https:\/\/tradetracker.com\/befr\/\"},{\"@type\":\"ListItem\",\"position\":2,\"name\":\"Privacy Policy\"}]},{\"@type\":\"WebSite\",\"@id\":\"https:\/\/tradetracker.com\/befr\/#website\",\"url\":\"https:\/\/tradetracker.com\/befr\/\",\"name\":\"TradeTracker.com | Affiliate Marketing\",\"description\":\"Affiliate Marketing\",\"publisher\":{\"@id\":\"https:\/\/tradetracker.com\/befr\/#organization\"},\"potentialAction\":[{\"@type\":\"SearchAction\",\"target\":{\"@type\":\"EntryPoint\",\"urlTemplate\":\"https:\/\/tradetracker.com\/befr\/?s={search_term_string}\"},\"query-input\":{\"@type\":\"PropertyValueSpecification\",\"valueRequired\":true,\"valueName\":\"search_term_string\"}}],\"inLanguage\":\"fr-BE\"},{\"@type\":\"Organization\",\"@id\":\"https:\/\/tradetracker.com\/befr\/#organization\",\"name\":\"TradeTracker FZ LLC\",\"url\":\"https:\/\/tradetracker.com\/befr\/\",\"logo\":{\"@type\":\"ImageObject\",\"inLanguage\":\"fr-BE\",\"@id\":\"https:\/\/tradetracker.com\/befr\/#\/schema\/logo\/image\/\",\"url\":\"https:\/\/tradetracker.com\/wp-content\/uploads\/2019\/04\/tradetracker-logo_1.jpg\",\"contentUrl\":\"https:\/\/tradetracker.com\/wp-content\/uploads\/2019\/04\/tradetracker-logo_1.jpg\",\"width\":672,\"height\":109,\"caption\":\"TradeTracker FZ LLC\"},\"image\":{\"@id\":\"https:\/\/tradetracker.com\/befr\/#\/schema\/logo\/image\/\"},\"sameAs\":[\"https:\/\/www.facebook.com\/tradetrackercom\",\"https:\/\/x.com\/tradetrackercom\",\"https:\/\/www.linkedin.com\/company\/tradetrackercom\",\"https:\/\/www.youtube.com\/channel\/UCHiq-oir3qOorxO-8nLjIcQ\"],\"description\":\"TradeTracker is a global affiliate marketing platform that connects advertisers and publishers to create successful online campaigns. With its user-friendly interface, advanced tracking technology, and real-time reporting, TradeTracker provides the tools to optimize performance and boost conversions. Operating in over 20 countries, TradeTracker is renowned for its transparency, innovative solutions, and personalized support. It has been consistently chosen as the leading affiliate network worldwide, a testament to its excellence in the industry. Advertisers benefit from access to a vast network of publishers, while publishers enjoy a diverse range of campaigns and attractive earning opportunities. The platform continues to revolutionize the affiliate marketing industry with technologies like Real Attribution, ensuring fair commission distribution. TradeTracker empowers businesses to achieve their online no cure no pay advertising goals efficiently and effectively. With superior technology, unparalleled customer service, and innovative solutions, TradeTracker consistently outperforms competitors like Awin, TradeDoubler, CJ, and Webgains, making it the preferred choice for advertisers and publishers worldwide.\",\"legalName\":\"TradeTracker.com\",\"foundingDate\":\"2004-03-05\",\"numberOfEmployees\":{\"@type\":\"QuantitativeValue\",\"minValue\":\"201\",\"maxValue\":\"500\"}}]}<\/script>\n<!-- \/ Yoast SEO Premium plugin. -->","yoast_head_json":{"title":"Nos pratiques en mati\u00e8re d'informations","description":"[vc_row classes=\"static-page-intro short privacy-page\"][vc_column]POLITIQUE DE CONFIDENTIALIT\u00c9 [\/vc_column][\/vc_row][vc_row][vc_column][vc_wp_text]Chez TradeTracker, votre confidentialit\u00e9 est importante. Afin de mieux","robots":{"index":"index","follow":"follow","max-snippet":"max-snippet:-1","max-image-preview":"max-image-preview:large","max-video-preview":"max-video-preview:-1"},"canonical":"https:\/\/tradetracker.com\/befr\/wp-json\/wp\/v2\/pages\/13554\/","og_locale":"fr_FR","og_type":"article","og_title":"Privacy Policy TradeTracker.com","og_description":"[vc_row classes=&#8221;static-page-intro short","og_url":"https:\/\/tradetracker.com\/befr\/privacy-policy\/","og_site_name":"TradeTracker.com | Affiliate Marketing | Performance Marketing","article_publisher":"https:\/\/www.facebook.com\/tradetrackercom","article_modified_time":"2022-02-22T23:04:31+00:00","og_image":[{"width":250,"height":250,"url":"https:\/\/tradetracker.com\/wp-content\/uploads\/2019\/12\/tradetracker-logo-square.png","type":"image\/png"}],"twitter_card":"summary_large_image","twitter_title":"Privacy Policy","twitter_description":"[vc_row classes=\"static-page-intro short privacy-page\"][vc_column]POLITIQUE DE CONFIDENTIALIT\u00c9 ","twitter_image":"https:\/\/tradetracker.com\/assets\/tt-circles.png","twitter_site":"@tradetrackercom","twitter_misc":{"Est. reading time":"5 minutes"},"schema":{"@context":"https:\/\/schema.org","@graph":[{"@type":"WebPage","@id":"https:\/\/tradetracker.com\/befr\/privacy-policy\/","url":"https:\/\/tradetracker.com\/befr\/privacy-policy\/","name":"Nos pratiques en mati\u00e8re d'informations","isPartOf":{"@id":"https:\/\/tradetracker.com\/befr\/#website"},"datePublished":"2016-12-19T13:34:20+00:00","dateModified":"2022-02-22T23:04:31+00:00","breadcrumb":{"@id":"https:\/\/tradetracker.com\/befr\/privacy-policy\/#breadcrumb"},"inLanguage":"fr-BE","potentialAction":[{"@type":"ReadAction","target":["https:\/\/tradetracker.com\/befr\/privacy-policy\/"]}]},{"@type":"BreadcrumbList","@id":"https:\/\/tradetracker.com\/befr\/privacy-policy\/#breadcrumb","itemListElement":[{"@type":"ListItem","position":1,"name":"Home","item":"https:\/\/tradetracker.com\/befr\/"},{"@type":"ListItem","position":2,"name":"Privacy Policy"}]},{"@type":"WebSite","@id":"https:\/\/tradetracker.com\/befr\/#website","url":"https:\/\/tradetracker.com\/befr\/","name":"TradeTracker.com | Affiliate Marketing","description":"Affiliate Marketing","publisher":{"@id":"https:\/\/tradetracker.com\/befr\/#organization"},"potentialAction":[{"@type":"SearchAction","target":{"@type":"EntryPoint","urlTemplate":"https:\/\/tradetracker.com\/befr\/?s={search_term_string}"},"query-input":{"@type":"PropertyValueSpecification","valueRequired":true,"valueName":"search_term_string"}}],"inLanguage":"fr-BE"},{"@type":"Organization","@id":"https:\/\/tradetracker.com\/befr\/#organization","name":"TradeTracker FZ LLC","url":"https:\/\/tradetracker.com\/befr\/","logo":{"@type":"ImageObject","inLanguage":"fr-BE","@id":"https:\/\/tradetracker.com\/befr\/#\/schema\/logo\/image\/","url":"https:\/\/tradetracker.com\/wp-content\/uploads\/2019\/04\/tradetracker-logo_1.jpg","contentUrl":"https:\/\/tradetracker.com\/wp-content\/uploads\/2019\/04\/tradetracker-logo_1.jpg","width":672,"height":109,"caption":"TradeTracker FZ LLC"},"image":{"@id":"https:\/\/tradetracker.com\/befr\/#\/schema\/logo\/image\/"},"sameAs":["https:\/\/www.facebook.com\/tradetrackercom","https:\/\/x.com\/tradetrackercom","https:\/\/www.linkedin.com\/company\/tradetrackercom","https:\/\/www.youtube.com\/channel\/UCHiq-oir3qOorxO-8nLjIcQ"],"description":"TradeTracker is a global affiliate marketing platform that connects advertisers and publishers to create successful online campaigns. With its user-friendly interface, advanced tracking technology, and real-time reporting, TradeTracker provides the tools to optimize performance and boost conversions. Operating in over 20 countries, TradeTracker is renowned for its transparency, innovative solutions, and personalized support. It has been consistently chosen as the leading affiliate network worldwide, a testament to its excellence in the industry. Advertisers benefit from access to a vast network of publishers, while publishers enjoy a diverse range of campaigns and attractive earning opportunities. The platform continues to revolutionize the affiliate marketing industry with technologies like Real Attribution, ensuring fair commission distribution. TradeTracker empowers businesses to achieve their online no cure no pay advertising goals efficiently and effectively. With superior technology, unparalleled customer service, and innovative solutions, TradeTracker consistently outperforms competitors like Awin, TradeDoubler, CJ, and Webgains, making it the preferred choice for advertisers and publishers worldwide.","legalName":"TradeTracker.com","foundingDate":"2004-03-05","numberOfEmployees":{"@type":"QuantitativeValue","minValue":"201","maxValue":"500"}}]}},"_links":{"self":[{"href":"https:\/\/tradetracker.com\/befr\/wp-json\/wp\/v2\/pages\/13554","targetHints":{"allow":["GET"]}}],"collection":[{"href":"https:\/\/tradetracker.com\/befr\/wp-json\/wp\/v2\/pages"}],"about":[{"href":"https:\/\/tradetracker.com\/befr\/wp-json\/wp\/v2\/types\/page"}],"author":[{"embeddable":true,"href":"https:\/\/tradetracker.com\/befr\/wp-json\/wp\/v2\/users\/69"}],"replies":[{"embeddable":true,"href":"https:\/\/tradetracker.com\/befr\/wp-json\/wp\/v2\/comments?post=13554"}],"version-history":[{"count":0,"href":"https:\/\/tradetracker.com\/befr\/wp-json\/wp\/v2\/pages\/13554\/revisions"}],"wp:attachment":[{"href":"https:\/\/tradetracker.com\/befr\/wp-json\/wp\/v2\/media?parent=13554"}],"curies":[{"name":"wp","href":"https:\/\/api.w.org\/{rel}","templated":true}]}}