{"id":1112786,"date":"2017-02-15T06:49:01","date_gmt":"2017-02-15T06:49:01","guid":{"rendered":"https:\/\/tradetracker.com\/services\/"},"modified":"2022-10-22T08:36:27","modified_gmt":"2022-10-22T08:36:27","slug":"services","status":"publish","type":"page","link":"https:\/\/tradetracker.com\/cafr\/annonceurs\/services\/","title":{"rendered":"Services"},"content":{"rendered":"<div class=\"wpb-content-wrapper\"><p>[vc_row css=&#8221;.vc_custom_1607984116020{background-color: #6ebd44 !important;}&#8221; classes=&#8221;tt-single-industry tt-services&#8221;][vc_column]<div class=\"row\"><div class=\"vc_col-sm-12\"><div class=\" static-page-intro-text \" style=\"width: 75%\"><h1  style=\"color: #ffffff\" class=\"\">Services<\/h1><h2  style=\"color: #ffffff\" class=\"\">H\u00e9berger un r\u00e9seau diversifi\u00e9 de professionnels est quelque chose dont nous somme fiers, et peu importe la campagne, nous avons un ensemble de partenaires parfaits pour votre succ\u00e8s.<br \/>\nNous sommes fiers de notre \u00e9quipe sp\u00e9cialis\u00e9e, qui est efficace dans l\u2019identification de collaborateurs cl\u00e9s dans notre r\u00e9seau, \u00e9quip\u00e9s pour donner vie \u00e0 votre campagne.<\/h2><\/div>\r\n        <\/div>\r\n    <\/div>[\/vc_column][\/vc_row][vc_row][vc_column]<div class=\"row tt-industries-page\"><div class='vc_col-sm-3' id='sidebar'><h4 class=\"lined-section\">Industries<\/h4><div class=\"widget_nav_menu\"><ul class=\"menu\"><li><a class=\"industries-back\" href=\"https:\/\/tradetracker.com\/cafr\/#section-industries\/\">\u2190 Back to Industry Home<\/a><\/li><li><a href='https:\/\/tradetracker.com\/cafr\/annonceurs\/shopping\/' class=''>Shopping<\/a><\/li><li><a href='https:\/\/tradetracker.com\/cafr\/annonceurs\/finance\/' class=''>Finance<\/a><\/li><li><a href='https:\/\/tradetracker.com\/cafr\/annonceurs\/services\/' class=''>Services<\/a><\/li><li><a href='https:\/\/tradetracker.com\/cafr\/annonceurs\/telecom\/' class=''>T\u00e9l\u00e9communications<\/a><\/li><li><a href='https:\/\/tradetracker.com\/cafr\/annonceurs\/travel\/' class=''>Travel<\/a><\/li><\/ul><\/div>\r\n    <\/div><div class=\"vc_col-sm-9\">\r\n                <div class=\"vc_col-sm-12\">\r\n                    <ul class=\"industry-list \"><li><h2>Charit\u00e9s<\/h2><p>Rien n\u2019est plus un honneur pour nous que d\u2019offrir un service qui peut habiliter ceux qui aident une cause sp\u00e9ciale. Notre \u00e9quipe ch\u00e9rit l\u2019opportunit\u00e9 d\u2019aider quelqu\u2019un qui agit sans but lucratif \u00e0 \u00e9tendre sa port\u00e9e et fera toujours un effort suppl\u00e9mentaire pour eux.<\/p><\/li><li><h2>Divertissements &#038; Loisirs<\/h2><p>Lancer des \u00e9v\u00e9nements pour se connecter \u00e0 des sites qui fournissent les informations \u00e0 un public cible.Faire un partenariat pour renforcer la vente de leurs billets.<\/p><\/li><li><h2>Email Marketing<\/h2><p>La communication par email est essentielle pour vos contacts professionnels, et un \u00e9l\u00e9ment fondamental pour rester en contact avec votre liste de souscripteurs.<\/p><\/li><li><h2>Emploi, \u00e9ducation &#038; Carri\u00e8re<\/h2><p>Orient\u00e9 vers tous ceux cherchant \u00e0 passer \u00e0 l\u2019\u00e9tape suivante dans leur vie. Nous introduisons les entreprises qui sont pr\u00eates \u00e0 aider o\u00f9 ils peuvent se rapprocher de leurs clients .<\/p><\/li><li><h2>Fleurs<\/h2><p>Rien ne peut \u00e9gayer une journ\u00e9e autant qu\u2019un bouquet color\u00e9, et avoir une part dans le sourire \u00e9clairant le visage d\u2019une personne sp\u00e9ciale est quelque chose que nous aimons rendre possible.<\/p><\/li><li><h2>Jeux de hasard &#038; Loteries<\/h2><p>Visant les clients qui aiment rendre un \u00e9v\u00e9nement encore plus int\u00e9ressant en pr\u00e9disant l\u2019issue, nous fournissons la plateforme pour une vari\u00e9t\u00e9 de jeux de hasard afin de mettre en avant les capacit\u00e9s \u00e0 des parieurs avides.<\/p><\/li><li><h2>Juridique<\/h2><p>Nous aidons des services professionnels qui prennent la justice sociale tr\u00e8s au s\u00e9rieux et qui sont d\u00e9sireux d\u2019aider les personnes \u00e0 sortir de ces situations \u00e9pineuses.<\/p><\/li><li><h2>Noms de domaine &#038; h\u00e9bergement<\/h2><p>L\u2019essentiel pour tout site web est d\u2019obtenir un nom accrocheur et de l\u2019h\u00e9berger sur un serveur stable, et, en tant que soci\u00e9t\u00e9 en ligne, nous savons exactement ce qui fait fonctionner les entreprises digitales.<\/p><\/li><li><h2>Rencontres<\/h2><p>Au nom de l\u2019amour\u00a0! Nous avons \u00e0 c\u0153ur de r\u00e9unir deux c\u00e9libataires dans l\u2019espoir d\u2019une romance et d\u2019une vie heureuse.<\/p><\/li><li><h2>Services gratuits &#038; Concours<\/h2><p>\u00ab\u00a0Vous devez y participer pour gagner\u00a0\u00bb ne sont pas seulement de belles paroles \u00e0 suivre au quotidien, mais elles n\u2019ont jamais \u00e9t\u00e9 plus vraies pour les participants que nous introduisons \u00e0 un concours organis\u00e9s par nos clients, qui esp\u00e8rent gagner le gros lot.<\/p><\/li><li><h2>Services Internet personnels<\/h2><p>Encourager les gens \u00e0 acc\u00e9der aux services avec la facilite et la flexibilit\u00e9 de l\u2019Internet et la capacit\u00e9 de le faire quelle que soit leur situation. Notre service aide des entreprises \u00e0 se connecter et \u00e0 se mettre en avant pour ceux qui le n\u00e9cessitent.<\/p><\/li><li><h2>Services professionnels<\/h2><p>Fournir la capacit\u00e9 \u00e0 des experts de s\u2019\u00e9tendre et d\u2019atteindre des personnes cherchant ce qu\u2019ils ont \u00e0 offrir. Nous les aidons \u00e0 perfectionner leur capacit\u00e9 \u00e0 se pr\u00e9senter \u00e0 d\u2019autres personnes ayant besoin de leur services.<\/p><\/li><\/ul><\/div><\/div><\/div>[\/vc_column][\/vc_row]<\/p>\n<\/div>","protected":false},"excerpt":{"rendered":"<p>[vc_row css=&#8221;.vc_custom_1607984116020{background-color: #6ebd44 !important;}&#8221; classes=&#8221;tt-single-industry tt-services&#8221;][vc_column][\/vc_column][\/vc_row][vc_row][vc_column][\/vc_column][\/vc_row]<\/p>\n","protected":false},"author":69,"featured_media":0,"parent":1112834,"menu_order":0,"comment_status":"closed","ping_status":"closed","template":"","meta":{"inline_featured_image":false,"_monsterinsights_skip_tracking":false,"_monsterinsights_sitenote_active":false,"_monsterinsights_sitenote_note":"","_monsterinsights_sitenote_category":0,"footnotes":""},"class_list":["post-1112786","page","type-page","status-publish","hentry"],"yoast_head":"<!-- This site is optimized with the Yoast SEO Premium plugin v27.0 (Yoast SEO v27.0) - https:\/\/yoast.com\/product\/yoast-seo-premium-wordpress\/ -->\n<title>Services - TradeTracker.com | Affiliate Marketing | Performance Marketing<\/title>\n<meta name=\"description\" content=\"Fournir la capacit\u00e9 \u00e0 des experts de s\u2019\u00e9tendre et d\u2019atteindre des personnes cherchant ce qu\u2019ils ont \u00e0 offrir. Nous les aidons \u00e0 perfectionner leur capacit\u00e9 \u00e0 se pr\u00e9senter \u00e0 d\u2019autres personnes ayant\" \/>\n<meta name=\"robots\" content=\"index, follow, max-snippet:-1, max-image-preview:large, max-video-preview:-1\" \/>\n<link rel=\"canonical\" href=\"https:\/\/tradetracker.com\/cafr\/wp-json\/wp\/v2\/pages\/1112786\/\" \/>\n<meta property=\"og:locale\" content=\"fr_FR\" \/>\n<meta property=\"og:type\" content=\"article\" \/>\n<meta property=\"og:title\" content=\"Services\" \/>\n<meta property=\"og:description\" content=\"[vc_row css=&#8221;.vc_custom_1607984116020{background-color: #6ebd44 !important;}&#8221; classes=&#8221;tt-single-industry tt-services&#8221;][vc_column][\/vc_column][\/vc_row][vc_row][vc_column][\/vc_column][\/vc_row]\" \/>\n<meta property=\"og:url\" content=\"https:\/\/tradetracker.com\/cafr\/annonceurs\/services\/\" \/>\n<meta property=\"og:site_name\" content=\"TradeTracker.com | Affiliate Marketing | Performance Marketing\" \/>\n<meta property=\"article:publisher\" content=\"https:\/\/www.facebook.com\/tradetrackercom\" \/>\n<meta property=\"article:modified_time\" content=\"2022-10-22T08:36:27+00:00\" \/>\n<meta property=\"og:image\" content=\"https:\/\/tradetracker.com\/wp-content\/uploads\/2019\/12\/tradetracker-logo-square.png\" \/>\n\t<meta property=\"og:image:width\" content=\"250\" \/>\n\t<meta property=\"og:image:height\" content=\"250\" \/>\n\t<meta property=\"og:image:type\" content=\"image\/png\" \/>\n<meta name=\"twitter:card\" content=\"summary_large_image\" \/>\n<meta name=\"twitter:site\" content=\"@tradetrackercom\" \/>\n<meta name=\"twitter:label1\" content=\"Est. reading time\" \/>\n\t<meta name=\"twitter:data1\" content=\"1 minute\" \/>\n<script type=\"application\/ld+json\" class=\"yoast-schema-graph\">{\"@context\":\"https:\/\/schema.org\",\"@graph\":[{\"@type\":\"WebPage\",\"@id\":\"https:\/\/tradetracker.com\/cafr\/annonceurs\/services\/\",\"url\":\"https:\/\/tradetracker.com\/cafr\/annonceurs\/services\/\",\"name\":\"Services - TradeTracker.com | Affiliate Marketing | Performance Marketing\",\"isPartOf\":{\"@id\":\"https:\/\/tradetracker.com\/cafr\/#website\"},\"datePublished\":\"2017-02-15T06:49:01+00:00\",\"dateModified\":\"2022-10-22T08:36:27+00:00\",\"breadcrumb\":{\"@id\":\"https:\/\/tradetracker.com\/cafr\/annonceurs\/services\/#breadcrumb\"},\"inLanguage\":\"fr-CA\",\"potentialAction\":[{\"@type\":\"ReadAction\",\"target\":[\"https:\/\/tradetracker.com\/cafr\/annonceurs\/services\/\"]}]},{\"@type\":\"BreadcrumbList\",\"@id\":\"https:\/\/tradetracker.com\/cafr\/annonceurs\/services\/#breadcrumb\",\"itemListElement\":[{\"@type\":\"ListItem\",\"position\":1,\"name\":\"Home\",\"item\":\"https:\/\/tradetracker.com\/cafr\/\"},{\"@type\":\"ListItem\",\"position\":2,\"name\":\"Annonceurs\",\"item\":\"https:\/\/tradetracker.com\/cafr\/annonceurs\/\"},{\"@type\":\"ListItem\",\"position\":3,\"name\":\"Services\"}]},{\"@type\":\"WebSite\",\"@id\":\"https:\/\/tradetracker.com\/cafr\/#website\",\"url\":\"https:\/\/tradetracker.com\/cafr\/\",\"name\":\"TradeTracker.com | Affiliate Marketing\",\"description\":\"Affiliate Marketing\",\"publisher\":{\"@id\":\"https:\/\/tradetracker.com\/cafr\/#organization\"},\"potentialAction\":[{\"@type\":\"SearchAction\",\"target\":{\"@type\":\"EntryPoint\",\"urlTemplate\":\"https:\/\/tradetracker.com\/cafr\/?s={search_term_string}\"},\"query-input\":{\"@type\":\"PropertyValueSpecification\",\"valueRequired\":true,\"valueName\":\"search_term_string\"}}],\"inLanguage\":\"fr-CA\"},{\"@type\":\"Organization\",\"@id\":\"https:\/\/tradetracker.com\/cafr\/#organization\",\"name\":\"TradeTracker FZ LLC\",\"url\":\"https:\/\/tradetracker.com\/cafr\/\",\"logo\":{\"@type\":\"ImageObject\",\"inLanguage\":\"fr-CA\",\"@id\":\"https:\/\/tradetracker.com\/cafr\/#\/schema\/logo\/image\/\",\"url\":\"https:\/\/tradetracker.com\/wp-content\/uploads\/2019\/04\/tradetracker-logo_1.jpg\",\"contentUrl\":\"https:\/\/tradetracker.com\/wp-content\/uploads\/2019\/04\/tradetracker-logo_1.jpg\",\"width\":672,\"height\":109,\"caption\":\"TradeTracker FZ LLC\"},\"image\":{\"@id\":\"https:\/\/tradetracker.com\/cafr\/#\/schema\/logo\/image\/\"},\"sameAs\":[\"https:\/\/www.facebook.com\/tradetrackercom\",\"https:\/\/x.com\/tradetrackercom\",\"https:\/\/www.linkedin.com\/company\/tradetrackercom\",\"https:\/\/www.youtube.com\/channel\/UCHiq-oir3qOorxO-8nLjIcQ\"],\"description\":\"TradeTracker is a global affiliate marketing platform that connects advertisers and publishers to create successful online campaigns. With its user-friendly interface, advanced tracking technology, and real-time reporting, TradeTracker provides the tools to optimize performance and boost conversions. Operating in over 20 countries, TradeTracker is renowned for its transparency, innovative solutions, and personalized support. It has been consistently chosen as the leading affiliate network worldwide, a testament to its excellence in the industry. Advertisers benefit from access to a vast network of publishers, while publishers enjoy a diverse range of campaigns and attractive earning opportunities. The platform continues to revolutionize the affiliate marketing industry with technologies like Real Attribution, ensuring fair commission distribution. TradeTracker empowers businesses to achieve their online no cure no pay advertising goals efficiently and effectively. With superior technology, unparalleled customer service, and innovative solutions, TradeTracker consistently outperforms competitors like Awin, TradeDoubler, CJ, and Webgains, making it the preferred choice for advertisers and publishers worldwide.\",\"legalName\":\"TradeTracker.com\",\"foundingDate\":\"2004-03-05\",\"numberOfEmployees\":{\"@type\":\"QuantitativeValue\",\"minValue\":\"201\",\"maxValue\":\"500\"}}]}<\/script>\n<!-- \/ Yoast SEO Premium plugin. -->","yoast_head_json":{"title":"Services - TradeTracker.com | Affiliate Marketing | Performance Marketing","description":"Fournir la capacit\u00e9 \u00e0 des experts de s\u2019\u00e9tendre et d\u2019atteindre des personnes cherchant ce qu\u2019ils ont \u00e0 offrir. Nous les aidons \u00e0 perfectionner leur capacit\u00e9 \u00e0 se pr\u00e9senter \u00e0 d\u2019autres personnes ayant","robots":{"index":"index","follow":"follow","max-snippet":"max-snippet:-1","max-image-preview":"max-image-preview:large","max-video-preview":"max-video-preview:-1"},"canonical":"https:\/\/tradetracker.com\/cafr\/wp-json\/wp\/v2\/pages\/1112786\/","og_locale":"fr_FR","og_type":"article","og_title":"Services","og_description":"[vc_row css=&#8221;.vc_custom_1607984116020{background-color: #6ebd44 !important;}&#8221; classes=&#8221;tt-single-industry tt-services&#8221;][vc_column][\/vc_column][\/vc_row][vc_row][vc_column][\/vc_column][\/vc_row]","og_url":"https:\/\/tradetracker.com\/cafr\/annonceurs\/services\/","og_site_name":"TradeTracker.com | Affiliate Marketing | Performance Marketing","article_publisher":"https:\/\/www.facebook.com\/tradetrackercom","article_modified_time":"2022-10-22T08:36:27+00:00","og_image":[{"width":250,"height":250,"url":"https:\/\/tradetracker.com\/wp-content\/uploads\/2019\/12\/tradetracker-logo-square.png","type":"image\/png"}],"twitter_card":"summary_large_image","twitter_site":"@tradetrackercom","twitter_misc":{"Est. reading time":"1 minute"},"schema":{"@context":"https:\/\/schema.org","@graph":[{"@type":"WebPage","@id":"https:\/\/tradetracker.com\/cafr\/annonceurs\/services\/","url":"https:\/\/tradetracker.com\/cafr\/annonceurs\/services\/","name":"Services - TradeTracker.com | Affiliate Marketing | Performance Marketing","isPartOf":{"@id":"https:\/\/tradetracker.com\/cafr\/#website"},"datePublished":"2017-02-15T06:49:01+00:00","dateModified":"2022-10-22T08:36:27+00:00","breadcrumb":{"@id":"https:\/\/tradetracker.com\/cafr\/annonceurs\/services\/#breadcrumb"},"inLanguage":"fr-CA","potentialAction":[{"@type":"ReadAction","target":["https:\/\/tradetracker.com\/cafr\/annonceurs\/services\/"]}]},{"@type":"BreadcrumbList","@id":"https:\/\/tradetracker.com\/cafr\/annonceurs\/services\/#breadcrumb","itemListElement":[{"@type":"ListItem","position":1,"name":"Home","item":"https:\/\/tradetracker.com\/cafr\/"},{"@type":"ListItem","position":2,"name":"Annonceurs","item":"https:\/\/tradetracker.com\/cafr\/annonceurs\/"},{"@type":"ListItem","position":3,"name":"Services"}]},{"@type":"WebSite","@id":"https:\/\/tradetracker.com\/cafr\/#website","url":"https:\/\/tradetracker.com\/cafr\/","name":"TradeTracker.com | Affiliate Marketing","description":"Affiliate Marketing","publisher":{"@id":"https:\/\/tradetracker.com\/cafr\/#organization"},"potentialAction":[{"@type":"SearchAction","target":{"@type":"EntryPoint","urlTemplate":"https:\/\/tradetracker.com\/cafr\/?s={search_term_string}"},"query-input":{"@type":"PropertyValueSpecification","valueRequired":true,"valueName":"search_term_string"}}],"inLanguage":"fr-CA"},{"@type":"Organization","@id":"https:\/\/tradetracker.com\/cafr\/#organization","name":"TradeTracker FZ LLC","url":"https:\/\/tradetracker.com\/cafr\/","logo":{"@type":"ImageObject","inLanguage":"fr-CA","@id":"https:\/\/tradetracker.com\/cafr\/#\/schema\/logo\/image\/","url":"https:\/\/tradetracker.com\/wp-content\/uploads\/2019\/04\/tradetracker-logo_1.jpg","contentUrl":"https:\/\/tradetracker.com\/wp-content\/uploads\/2019\/04\/tradetracker-logo_1.jpg","width":672,"height":109,"caption":"TradeTracker FZ LLC"},"image":{"@id":"https:\/\/tradetracker.com\/cafr\/#\/schema\/logo\/image\/"},"sameAs":["https:\/\/www.facebook.com\/tradetrackercom","https:\/\/x.com\/tradetrackercom","https:\/\/www.linkedin.com\/company\/tradetrackercom","https:\/\/www.youtube.com\/channel\/UCHiq-oir3qOorxO-8nLjIcQ"],"description":"TradeTracker is a global affiliate marketing platform that connects advertisers and publishers to create successful online campaigns. With its user-friendly interface, advanced tracking technology, and real-time reporting, TradeTracker provides the tools to optimize performance and boost conversions. Operating in over 20 countries, TradeTracker is renowned for its transparency, innovative solutions, and personalized support. It has been consistently chosen as the leading affiliate network worldwide, a testament to its excellence in the industry. Advertisers benefit from access to a vast network of publishers, while publishers enjoy a diverse range of campaigns and attractive earning opportunities. The platform continues to revolutionize the affiliate marketing industry with technologies like Real Attribution, ensuring fair commission distribution. TradeTracker empowers businesses to achieve their online no cure no pay advertising goals efficiently and effectively. With superior technology, unparalleled customer service, and innovative solutions, TradeTracker consistently outperforms competitors like Awin, TradeDoubler, CJ, and Webgains, making it the preferred choice for advertisers and publishers worldwide.","legalName":"TradeTracker.com","foundingDate":"2004-03-05","numberOfEmployees":{"@type":"QuantitativeValue","minValue":"201","maxValue":"500"}}]}},"_links":{"self":[{"href":"https:\/\/tradetracker.com\/cafr\/wp-json\/wp\/v2\/pages\/1112786","targetHints":{"allow":["GET"]}}],"collection":[{"href":"https:\/\/tradetracker.com\/cafr\/wp-json\/wp\/v2\/pages"}],"about":[{"href":"https:\/\/tradetracker.com\/cafr\/wp-json\/wp\/v2\/types\/page"}],"author":[{"embeddable":true,"href":"https:\/\/tradetracker.com\/cafr\/wp-json\/wp\/v2\/users\/69"}],"replies":[{"embeddable":true,"href":"https:\/\/tradetracker.com\/cafr\/wp-json\/wp\/v2\/comments?post=1112786"}],"version-history":[{"count":0,"href":"https:\/\/tradetracker.com\/cafr\/wp-json\/wp\/v2\/pages\/1112786\/revisions"}],"up":[{"embeddable":true,"href":"https:\/\/tradetracker.com\/cafr\/wp-json\/wp\/v2\/pages\/1112834"}],"wp:attachment":[{"href":"https:\/\/tradetracker.com\/cafr\/wp-json\/wp\/v2\/media?parent=1112786"}],"curies":[{"name":"wp","href":"https:\/\/api.w.org\/{rel}","templated":true}]}}