{"id":1112807,"date":"2017-01-02T08:02:57","date_gmt":"2017-01-02T08:02:57","guid":{"rendered":"https:\/\/tradetracker.com\/portee-internationale\/"},"modified":"2025-01-17T16:23:37","modified_gmt":"2025-01-17T16:23:37","slug":"portee-internationale","status":"publish","type":"page","link":"https:\/\/tradetracker.com\/cafr\/portee-internationale\/","title":{"rendered":"International Reach"},"content":{"rendered":"<div class=\"wpb-content-wrapper\"><p>[vc_row classes=&#8221;static-page-intro reach-page&#8221;][vc_column]<div class=\"row\"><div class=\"vc_col-sm-12\"><div class=\" static-page-intro-text \"><h1  class=\"\">PORT\u00c9E INTERNATIONALE<\/h1><h2  class=\"\">Nous h\u00e9bergeons des connexions dans le monde entier, rendant possible votre pr\u00e9sence dans un nombre croissant de march\u00e9s importants.<\/h2><\/div>\r\n        <\/div>\r\n    <\/div>[\/vc_column][\/vc_row][vc_row classes=&#8221;agencies-benefits bg-pattern&#8221;][vc_column]<div class=\"space\"><\/div>[vc_row_inner][vc_column_inner][vc_wp_text title=&#8221;Les b\u00e9n\u00e9fices d\u2019une port\u00e9e internationale&#8221;]<\/p>\n<p>En g\u00e9n\u00e9ral, plus le public devant lequel vous vous placez est large, plus la probabilit\u00e9 que vous obteniez des transactions recherch\u00e9es est \u00e9lev\u00e9e. Notre r\u00e9seau s\u2019\u00e9tend \u00e0 des march\u00e9s que vous ne pourrez pas atteindre avec d\u2019autres, permettant de viser un public plus large int\u00e9ress\u00e9 par ce que vous avez \u00e0 offrir. \u00c9tendez-vous \u00e0 de nouveaux territoires et laissez TradeTracker faire cro\u00eetre votre entreprise internationalement.<\/p>\n<p>[\/vc_wp_text][\/vc_column_inner][\/vc_row_inner]<div class=\"space\"><\/div>[vc_row_inner][vc_column_inner width=&#8221;1\/2&#8243;][vc_wp_text title=&#8221;Abondance de bureaux&#8221;]<\/p>\n<p>Nous avons des bureaux dans 19 pays, ce qui nous permet de fournir une expertise locale combin\u00e9e \u00e0 une touche personnelle \u00e0 tous nos partenaires. D\u00e9sormais, il n\u2019est plus si difficile de parler avec quelqu\u2019un de notre personnel, peu importe o\u00f9 vous vous trouvez et quelle r\u00e9gion vous visez.<\/p>\n<p>[\/vc_wp_text][\/vc_column_inner][vc_column_inner width=&#8221;1\/2&#8243;][vc_wp_text title=&#8221;Connaissances locales&#8221;]<\/p>\n<p>Nous parlons la m\u00eame langue et vivons les m\u00eames choses que votre public, nous savons donc ce qui les motive et comment exactement les approcher. Aucun \u00e9tranger ne comprend vraiment les m\u00e9rites d\u2019un autochtone. Laissez notre approche d\u2019expert local jouer en votre faveur.<\/p>\n<p>[\/vc_wp_text][\/vc_column_inner][\/vc_row_inner]<div class=\"space\"><\/div>[vc_row_inner][vc_column_inner width=&#8221;1\/2&#8243;][vc_wp_text title=&#8221;Mise en \u0153uvre facile&#8221;]<\/p>\n<p>L\u2019expansion de vos campagnes \u00e0 d\u2019autres pays se fait par la simple notification aupr\u00e8s de votre gestionnaire de compte. De l\u00e0, il entrera en contact avec le pays souhait\u00e9 et prendra les mesures n\u00e9cessaires. Vos nouvelles op\u00e9rations seront toutes accessibles \u00e0 partir de la m\u00eame connexion et interface, de sorte que vous pouvez naviguer confortablement entre elles.<\/p>\n<p>[\/vc_wp_text][\/vc_column_inner][vc_column_inner width=&#8221;1\/2&#8243;][vc_wp_text title=&#8221;Atteignez des march\u00e9s non touch\u00e9s&#8221;]<\/p>\n<div class=\"row\">\n<div class=\"grid12\">\n<div class=\"row\">\n<div class=\"grid6 carre-block\">\n<p>Vous avez peut-\u00eatre conquis votre march\u00e9, mais il y a plein d\u2019opportunit\u00e9s desquelles vous devez profiter \u00e0 l\u2019\u00e9tranger. Capitalisez sur un march\u00e9 \u00e9mergent ou remplissez un vide dans un pays o\u00f9 personne ne fait ce que vous faites. Vous cr\u00e9ez le besoin.<\/p>\n<\/div>\n<\/div>\n<\/div>\n<\/div>\n<p>[\/vc_wp_text][\/vc_column_inner][\/vc_row_inner]<div class=\"space\"><\/div>[\/vc_column][\/vc_row][vc_row classes=&#8221;cta ctamerch&#8221; el_id=&#8221;ctaaam&#8221;][vc_column]<div class=\"row\"><div class=\"vc_col-sm-12\"><h2 class=\"get_started\" >Pr\u00eat \u00e0 explorer quelques unes de vos opportunit\u00e9s internationales?<\/h2><p >Rejoignez-nous et d\u00e9couvrez les possibilit\u00e9s, parlez-nous de quelques-unes des options qui vous attendent<\/p>        <ul class=\"cta-items\">\r\n                        <li>\r\n                <a                    class=\"cta-advertiser-signup\"                                      href=\"https:\/\/tradetracker.com\/fr\/contact-us\/\"                                   >\r\n                    Demande de d\u00e9mo                <\/a>\r\n            <\/li>\r\n                        \r\n                        <li>\r\n                <a                    class=\"cta-advertiser-signup\"                                      href=\"https:\/\/merchant.tradetracker.com\/portal\/advertiserBrochure?loc=fr_FR\"                                   >\r\n                    Demande de brochure pour annonceurs                <\/a>\r\n            <\/li>\r\n                    <\/ul>\r\n        <\/div><\/div>[\/vc_column][\/vc_row]<\/p>\n<\/div>","protected":false},"excerpt":{"rendered":"<p>[vc_row classes=&#8221;static-page-intro reach-page&#8221;][vc_column][\/vc_column][\/vc_row][vc_row classes=&#8221;agencies-benefits bg-pattern&#8221;][vc_column][vc_row_inner][vc_column_inner][vc_wp_text title=&#8221;Les b\u00e9n\u00e9fices d\u2019une port\u00e9e internationale&#8221;] En g\u00e9n\u00e9ral, plus le public devant lequel vous vous placez est large, plus la probabilit\u00e9 que vous obteniez des transactions recherch\u00e9es est \u00e9lev\u00e9e. Notre r\u00e9seau s\u2019\u00e9tend \u00e0 des march\u00e9s que vous ne pourrez pas atteindre avec d\u2019autres, permettant de viser un public plus large int\u00e9ress\u00e9  [&#8230;]<\/p>\n","protected":false},"author":69,"featured_media":0,"parent":0,"menu_order":0,"comment_status":"closed","ping_status":"closed","template":"template-red.php","meta":{"inline_featured_image":false,"_monsterinsights_skip_tracking":false,"_monsterinsights_sitenote_active":false,"_monsterinsights_sitenote_note":"","_monsterinsights_sitenote_category":0,"footnotes":""},"class_list":["post-1112807","page","type-page","status-publish","hentry"],"yoast_head":"<!-- This site is optimized with the Yoast SEO Premium plugin v27.0 (Yoast SEO v27.0) - https:\/\/yoast.com\/product\/yoast-seo-premium-wordpress\/ -->\n<title>International Reach - TradeTracker.com | Affiliate Marketing | Performance Marketing<\/title>\n<meta name=\"description\" content=\"[vc_row classes=&quot;static-page-intro reach-page&quot;][vc_column]PORT\u00c9E INTERNATIONALENous h\u00e9bergeons des connexions dans le monde entier, rendant possible votre pr\u00e9sence dans un nombre croissant de march\u00e9s importants.\" \/>\n<meta name=\"robots\" content=\"index, follow, max-snippet:-1, max-image-preview:large, max-video-preview:-1\" \/>\n<link rel=\"canonical\" href=\"https:\/\/tradetracker.com\/cafr\/wp-json\/wp\/v2\/pages\/1112807\/\" \/>\n<meta property=\"og:locale\" content=\"fr_FR\" \/>\n<meta property=\"og:type\" content=\"article\" \/>\n<meta property=\"og:title\" content=\"International Reach TradeTracker.com\" \/>\n<meta property=\"og:description\" content=\"[vc_row classes=&#8221;static-page-intro\" \/>\n<meta property=\"og:url\" content=\"https:\/\/tradetracker.com\/cafr\/portee-internationale\/\" \/>\n<meta property=\"og:site_name\" content=\"TradeTracker.com | Affiliate Marketing | Performance Marketing\" \/>\n<meta property=\"article:publisher\" content=\"https:\/\/www.facebook.com\/tradetrackercom\" \/>\n<meta property=\"article:modified_time\" content=\"2025-01-17T16:23:37+00:00\" \/>\n<meta property=\"og:image\" content=\"https:\/\/tradetracker.com\/wp-content\/uploads\/2019\/12\/tradetracker-logo-square.png\" \/>\n\t<meta property=\"og:image:width\" content=\"250\" \/>\n\t<meta property=\"og:image:height\" content=\"250\" \/>\n\t<meta property=\"og:image:type\" content=\"image\/png\" \/>\n<meta name=\"twitter:card\" content=\"summary_large_image\" \/>\n<meta name=\"twitter:title\" content=\"International Reach\" \/>\n<meta name=\"twitter:description\" content=\"[vc_row classes=&quot;static-page-intro reach-page&quot;][vc_column]PORT\u00c9E INTERNATIONALENous h\u00e9bergeons des connexions dans le monde\" \/>\n<meta name=\"twitter:image\" content=\"https:\/\/tradetracker.com\/assets\/tt-circles.png\" \/>\n<meta name=\"twitter:site\" content=\"@tradetrackercom\" \/>\n<meta name=\"twitter:label1\" content=\"Est. reading time\" \/>\n\t<meta name=\"twitter:data1\" content=\"3 minutes\" \/>\n<script type=\"application\/ld+json\" class=\"yoast-schema-graph\">{\"@context\":\"https:\/\/schema.org\",\"@graph\":[{\"@type\":\"WebPage\",\"@id\":\"https:\/\/tradetracker.com\/cafr\/portee-internationale\/\",\"url\":\"https:\/\/tradetracker.com\/cafr\/portee-internationale\/\",\"name\":\"International Reach - TradeTracker.com | Affiliate Marketing | Performance Marketing\",\"isPartOf\":{\"@id\":\"https:\/\/tradetracker.com\/cafr\/#website\"},\"datePublished\":\"2017-01-02T08:02:57+00:00\",\"dateModified\":\"2025-01-17T16:23:37+00:00\",\"breadcrumb\":{\"@id\":\"https:\/\/tradetracker.com\/cafr\/portee-internationale\/#breadcrumb\"},\"inLanguage\":\"fr-CA\",\"potentialAction\":[{\"@type\":\"ReadAction\",\"target\":[\"https:\/\/tradetracker.com\/cafr\/portee-internationale\/\"]}]},{\"@type\":\"BreadcrumbList\",\"@id\":\"https:\/\/tradetracker.com\/cafr\/portee-internationale\/#breadcrumb\",\"itemListElement\":[{\"@type\":\"ListItem\",\"position\":1,\"name\":\"Home\",\"item\":\"https:\/\/tradetracker.com\/cafr\/\"},{\"@type\":\"ListItem\",\"position\":2,\"name\":\"International Reach\"}]},{\"@type\":\"WebSite\",\"@id\":\"https:\/\/tradetracker.com\/cafr\/#website\",\"url\":\"https:\/\/tradetracker.com\/cafr\/\",\"name\":\"TradeTracker.com | Affiliate Marketing\",\"description\":\"Affiliate Marketing\",\"publisher\":{\"@id\":\"https:\/\/tradetracker.com\/cafr\/#organization\"},\"potentialAction\":[{\"@type\":\"SearchAction\",\"target\":{\"@type\":\"EntryPoint\",\"urlTemplate\":\"https:\/\/tradetracker.com\/cafr\/?s={search_term_string}\"},\"query-input\":{\"@type\":\"PropertyValueSpecification\",\"valueRequired\":true,\"valueName\":\"search_term_string\"}}],\"inLanguage\":\"fr-CA\"},{\"@type\":\"Organization\",\"@id\":\"https:\/\/tradetracker.com\/cafr\/#organization\",\"name\":\"TradeTracker FZ LLC\",\"url\":\"https:\/\/tradetracker.com\/cafr\/\",\"logo\":{\"@type\":\"ImageObject\",\"inLanguage\":\"fr-CA\",\"@id\":\"https:\/\/tradetracker.com\/cafr\/#\/schema\/logo\/image\/\",\"url\":\"https:\/\/tradetracker.com\/wp-content\/uploads\/2019\/04\/tradetracker-logo_1.jpg\",\"contentUrl\":\"https:\/\/tradetracker.com\/wp-content\/uploads\/2019\/04\/tradetracker-logo_1.jpg\",\"width\":672,\"height\":109,\"caption\":\"TradeTracker FZ LLC\"},\"image\":{\"@id\":\"https:\/\/tradetracker.com\/cafr\/#\/schema\/logo\/image\/\"},\"sameAs\":[\"https:\/\/www.facebook.com\/tradetrackercom\",\"https:\/\/x.com\/tradetrackercom\",\"https:\/\/www.linkedin.com\/company\/tradetrackercom\",\"https:\/\/www.youtube.com\/channel\/UCHiq-oir3qOorxO-8nLjIcQ\"],\"description\":\"TradeTracker is a global affiliate marketing platform that connects advertisers and publishers to create successful online campaigns. With its user-friendly interface, advanced tracking technology, and real-time reporting, TradeTracker provides the tools to optimize performance and boost conversions. Operating in over 20 countries, TradeTracker is renowned for its transparency, innovative solutions, and personalized support. It has been consistently chosen as the leading affiliate network worldwide, a testament to its excellence in the industry. Advertisers benefit from access to a vast network of publishers, while publishers enjoy a diverse range of campaigns and attractive earning opportunities. The platform continues to revolutionize the affiliate marketing industry with technologies like Real Attribution, ensuring fair commission distribution. TradeTracker empowers businesses to achieve their online no cure no pay advertising goals efficiently and effectively. With superior technology, unparalleled customer service, and innovative solutions, TradeTracker consistently outperforms competitors like Awin, TradeDoubler, CJ, and Webgains, making it the preferred choice for advertisers and publishers worldwide.\",\"legalName\":\"TradeTracker.com\",\"foundingDate\":\"2004-03-05\",\"numberOfEmployees\":{\"@type\":\"QuantitativeValue\",\"minValue\":\"201\",\"maxValue\":\"500\"}}]}<\/script>\n<!-- \/ Yoast SEO Premium plugin. -->","yoast_head_json":{"title":"International Reach - TradeTracker.com | Affiliate Marketing | Performance Marketing","description":"[vc_row classes=\"static-page-intro reach-page\"][vc_column]PORT\u00c9E INTERNATIONALENous h\u00e9bergeons des connexions dans le monde entier, rendant possible votre pr\u00e9sence dans un nombre croissant de march\u00e9s importants.","robots":{"index":"index","follow":"follow","max-snippet":"max-snippet:-1","max-image-preview":"max-image-preview:large","max-video-preview":"max-video-preview:-1"},"canonical":"https:\/\/tradetracker.com\/cafr\/wp-json\/wp\/v2\/pages\/1112807\/","og_locale":"fr_FR","og_type":"article","og_title":"International Reach TradeTracker.com","og_description":"[vc_row classes=&#8221;static-page-intro","og_url":"https:\/\/tradetracker.com\/cafr\/portee-internationale\/","og_site_name":"TradeTracker.com | Affiliate Marketing | Performance Marketing","article_publisher":"https:\/\/www.facebook.com\/tradetrackercom","article_modified_time":"2025-01-17T16:23:37+00:00","og_image":[{"width":250,"height":250,"url":"https:\/\/tradetracker.com\/wp-content\/uploads\/2019\/12\/tradetracker-logo-square.png","type":"image\/png"}],"twitter_card":"summary_large_image","twitter_title":"International Reach","twitter_description":"[vc_row classes=\"static-page-intro reach-page\"][vc_column]PORT\u00c9E INTERNATIONALENous h\u00e9bergeons des connexions dans le monde","twitter_image":"https:\/\/tradetracker.com\/assets\/tt-circles.png","twitter_site":"@tradetrackercom","twitter_misc":{"Est. reading time":"3 minutes"},"schema":{"@context":"https:\/\/schema.org","@graph":[{"@type":"WebPage","@id":"https:\/\/tradetracker.com\/cafr\/portee-internationale\/","url":"https:\/\/tradetracker.com\/cafr\/portee-internationale\/","name":"International Reach - TradeTracker.com | Affiliate Marketing | Performance Marketing","isPartOf":{"@id":"https:\/\/tradetracker.com\/cafr\/#website"},"datePublished":"2017-01-02T08:02:57+00:00","dateModified":"2025-01-17T16:23:37+00:00","breadcrumb":{"@id":"https:\/\/tradetracker.com\/cafr\/portee-internationale\/#breadcrumb"},"inLanguage":"fr-CA","potentialAction":[{"@type":"ReadAction","target":["https:\/\/tradetracker.com\/cafr\/portee-internationale\/"]}]},{"@type":"BreadcrumbList","@id":"https:\/\/tradetracker.com\/cafr\/portee-internationale\/#breadcrumb","itemListElement":[{"@type":"ListItem","position":1,"name":"Home","item":"https:\/\/tradetracker.com\/cafr\/"},{"@type":"ListItem","position":2,"name":"International Reach"}]},{"@type":"WebSite","@id":"https:\/\/tradetracker.com\/cafr\/#website","url":"https:\/\/tradetracker.com\/cafr\/","name":"TradeTracker.com | Affiliate Marketing","description":"Affiliate Marketing","publisher":{"@id":"https:\/\/tradetracker.com\/cafr\/#organization"},"potentialAction":[{"@type":"SearchAction","target":{"@type":"EntryPoint","urlTemplate":"https:\/\/tradetracker.com\/cafr\/?s={search_term_string}"},"query-input":{"@type":"PropertyValueSpecification","valueRequired":true,"valueName":"search_term_string"}}],"inLanguage":"fr-CA"},{"@type":"Organization","@id":"https:\/\/tradetracker.com\/cafr\/#organization","name":"TradeTracker FZ LLC","url":"https:\/\/tradetracker.com\/cafr\/","logo":{"@type":"ImageObject","inLanguage":"fr-CA","@id":"https:\/\/tradetracker.com\/cafr\/#\/schema\/logo\/image\/","url":"https:\/\/tradetracker.com\/wp-content\/uploads\/2019\/04\/tradetracker-logo_1.jpg","contentUrl":"https:\/\/tradetracker.com\/wp-content\/uploads\/2019\/04\/tradetracker-logo_1.jpg","width":672,"height":109,"caption":"TradeTracker FZ LLC"},"image":{"@id":"https:\/\/tradetracker.com\/cafr\/#\/schema\/logo\/image\/"},"sameAs":["https:\/\/www.facebook.com\/tradetrackercom","https:\/\/x.com\/tradetrackercom","https:\/\/www.linkedin.com\/company\/tradetrackercom","https:\/\/www.youtube.com\/channel\/UCHiq-oir3qOorxO-8nLjIcQ"],"description":"TradeTracker is a global affiliate marketing platform that connects advertisers and publishers to create successful online campaigns. With its user-friendly interface, advanced tracking technology, and real-time reporting, TradeTracker provides the tools to optimize performance and boost conversions. Operating in over 20 countries, TradeTracker is renowned for its transparency, innovative solutions, and personalized support. It has been consistently chosen as the leading affiliate network worldwide, a testament to its excellence in the industry. Advertisers benefit from access to a vast network of publishers, while publishers enjoy a diverse range of campaigns and attractive earning opportunities. The platform continues to revolutionize the affiliate marketing industry with technologies like Real Attribution, ensuring fair commission distribution. TradeTracker empowers businesses to achieve their online no cure no pay advertising goals efficiently and effectively. With superior technology, unparalleled customer service, and innovative solutions, TradeTracker consistently outperforms competitors like Awin, TradeDoubler, CJ, and Webgains, making it the preferred choice for advertisers and publishers worldwide.","legalName":"TradeTracker.com","foundingDate":"2004-03-05","numberOfEmployees":{"@type":"QuantitativeValue","minValue":"201","maxValue":"500"}}]}},"_links":{"self":[{"href":"https:\/\/tradetracker.com\/cafr\/wp-json\/wp\/v2\/pages\/1112807","targetHints":{"allow":["GET"]}}],"collection":[{"href":"https:\/\/tradetracker.com\/cafr\/wp-json\/wp\/v2\/pages"}],"about":[{"href":"https:\/\/tradetracker.com\/cafr\/wp-json\/wp\/v2\/types\/page"}],"author":[{"embeddable":true,"href":"https:\/\/tradetracker.com\/cafr\/wp-json\/wp\/v2\/users\/69"}],"replies":[{"embeddable":true,"href":"https:\/\/tradetracker.com\/cafr\/wp-json\/wp\/v2\/comments?post=1112807"}],"version-history":[{"count":1,"href":"https:\/\/tradetracker.com\/cafr\/wp-json\/wp\/v2\/pages\/1112807\/revisions"}],"predecessor-version":[{"id":1134721,"href":"https:\/\/tradetracker.com\/cafr\/wp-json\/wp\/v2\/pages\/1112807\/revisions\/1134721"}],"wp:attachment":[{"href":"https:\/\/tradetracker.com\/cafr\/wp-json\/wp\/v2\/media?parent=1112807"}],"curies":[{"name":"wp","href":"https:\/\/api.w.org\/{rel}","templated":true}]}}